t c = v + 632. Calculate the highest common divisor of c and 99.
33
Let x = 179 + -98. Let g = -57 + x. Calculate the highest common factor of 84 and g.
12
Suppose 11*g + 2*i - 768 = 10*g, -4*g - 5*i + 3084 = 0. Let c = g - 659. Let d(x) = -x + 13. Let t be d(0). Calculate the highest common divisor of c and t.
13
Let k be 1603814/119 - 56/(-98). Calculate the greatest common divisor of k and 46.
46
Suppose -61 = -u - 3*j - 2*j, -u + 62 = 4*j. Suppose 0 = 2*d + 47 - 179. Suppose 2*y = -0*y + d. Calculate the highest common divisor of u and y.
33
Let d = 11101 + -7692. What is the greatest common divisor of 14 and d?
7
Let c be 344/1 + 216/(-18). What is the greatest common factor of 20 and c?
4
Let u = -12 + 28. Let a be 4*(8 + -9)*-280. Suppose 0 = -75*h + 5*h + a. What is the highest common divisor of h and u?
16
Let d be 1732/17 - 438/(-3723). Calculate the highest common factor of 578 and d.
34
Suppose 4*j - 4*k = 2244, 3*j + 87 = 4*k + 1775. Calculate the highest common factor of 4587 and j.
139
Suppose -8 = 3*z - 26. Suppose -z*s - 210 = 84. Let k = s - -67. Calculate the highest common factor of 144 and k.
18
Suppose 78 = -2*u - 2*r, r = -5*u + 3*r - 195. Let k = u + 43. What is the highest common divisor of k and 20?
4
Let m be 7 + (2/9 - 10*(-24)/135). What is the highest common divisor of 21753 and m?
9
Let o be -2 + 10 + (-84)/14. Suppose 12 = -5*v + o, 4*b - 110 = v. Calculate the greatest common factor of b and 189.
27
Suppose -5*w = -6*w + 2. Suppose -w = c + 16. Let r = c + 33. What is the highest common factor of 120 and r?
15
Let g(f) = f**2 + 8*f - 103. Let z be g(7). Let i be ((-392)/70)/((z/80)/(-1)). What is the greatest common factor of i and 7?
7
Let t be (-2)/14 - 61330/(-70). Suppose -t = 4*j + 2*q, -4*j + 3*j + 4*q = 228. Let y = -130 - j. What is the highest common factor of 18 and y?
18
Let w = -3713 + 3776. Calculate the greatest common divisor of 42 and w.
21
Let l = -10 - -18. Let c(i) = -4*i - 5. Let b be c(l). Let t = 87 + b. What is the greatest common factor of t and 125?
25
Let b = 18 + 2. Suppose 4 = -4*k + b. Suppose -5*v + 3*y = -114, k*v - 52 = y + 42. Calculate the greatest common divisor of v and 8.
8
Let f(m) = -m - 14. Let w be f(9). Let z(c) = c**3 + 25*c**2 + 43*c - 35. Let g be z(w). What is the highest common divisor of 221 and g?
17
Suppose -1099513 - 3625515 = -529*g. Calculate the greatest common divisor of 154 and g.
154
Let l(h) = -h**2 + 7*h - 5. Let s be l(2). Suppose 2*j = 9 + s. Let y = -12 + 40. What is the greatest common factor of j and y?
7
Suppose 2*j - 8664 = -5*v - 3017, 0 = 4*v - 5*j - 4544. What is the highest common factor of v and 1053?
39
Let s(z) = -12*z + 1152. Let t be s(-8). What is the greatest common factor of 780 and t?
156
Let c be 6*(1 + 0) + 0. Let d = -16522 + 16528. What is the highest common factor of c and d?
6
Let h be (-2 + (5/(-3) - 9390/(-18)))*3. Calculate the greatest common divisor of 210 and h.
42
Let s be ((10/4 - 2)*3)/((-81)/(-1728)). Calculate the greatest common divisor of s and 236.
4
Let g = 1297 - 1217. Suppose 2 = y - 3. Calculate the highest common factor of g and y.
5
Let r be (6 - 5)*(-12)/(-4). Suppose -r*y - 2*m + 54 = 0, -65 = -8*y + 3*y + 5*m. Let a be (-4)/6 + 1158/9. What is the highest common factor of a and y?
16
Let x be -2 - (-1 + (-23)/3)/(8/48). Calculate the greatest common factor of x and 200.
50
Let v be (0 + 6)*(-7 + (-15751)/(-57)). What is the highest common divisor of v and 64?
16
Let x(z) = 44 + 199*z - 395*z + 194*z. Let c be x(10). Calculate the highest common divisor of c and 192.
24
Let j(i) = 29*i**2 - 9*i + 160. Let p be j(11). What is the greatest common factor of 30 and p?
30
Let u(x) = -x**3 - 2*x**2 + 66*x - 9. Let n be u(6). Suppose 0*k - 4 = -k. Let o = 5 + k. Calculate the greatest common divisor of o and n.
9
Suppose 4*f - 4*v - 44 = 0, -6*v = -8*f + 5*f + 33. What is the highest common divisor of 53 and f?
1
Let c(u) = 4*u**3 + 3*u**2 - 2*u + 2. Let v(j) = 3*j**3 + j - 1. Let x(a) = -c(a) + 2*v(a). Let d be x(3). What is the greatest common divisor of d and 126?
7
Let r be (255/30 - 7)/(6/640). Let u be (-5)/(-20) + (-399)/(-4). Calculate the greatest common factor of u and r.
20
Let x(b) = -13*b + 121. Let p be x(6). Let h = p + 325. Calculate the greatest common divisor of h and 23.
23
Let h(l) = l**2 - 9*l - 1. Let p be h(10). Suppose -38*s - p = -41*s. Calculate the highest common factor of 2 and s.
1
Suppose -5*g - 66 = 17*g. Let o be (-96)/(-18)*g/(-4). Calculate the greatest common divisor of o and 6.
2
Suppose 2*c - c - 4*r = -12, -2*r = -10. Suppose 2*d = 6*d + c. Let n be (14/(-6))/((-15)/(-9) + d). Calculate the highest common factor of 77 and n.
7
Let n = -21194 - -21240. Calculate the greatest common divisor of n and 16054.
46
Let y(t) = -31*t - 115. Let w be y(-15). Let b = w + -230. What is the highest common factor of 210 and b?
30
Let n be (12 + (-306)/24)*-396. What is the highest common divisor of 72 and n?
9
Let s be 6/15 - 1 - 10464/(-40). Let j = s + -248. What is the greatest common divisor of j and 208?
13
Let f = -804 + 1189. Suppose 2*i = 3*d - 231, -5*d + 2*i + f = -i. What is the highest common factor of d and 7?
7
Let v = 10 + 2. Suppose -2290*h + 1155*h = -1274*h + 67718 + 175810. What is the greatest common divisor of h and v?
12
Let g = -12 - -14. Let l(v) = v + 1. Suppose 3*n - 50 = n - 4*y, 0 = -5*n + 5*y + 125. Let k be l(n). Calculate the greatest common divisor of k and g.
2
Let v(c) = -27*c - 7. Let b be v(-3). Suppose -39 = 7*j - 557. Calculate the highest common divisor of b and j.
74
Let t = -10305 - -11359. Calculate the highest common factor of t and 170.
34
Let m be -1*21/(-3) + 2. Let n = -10995 - -11148. What is the highest common divisor of m and n?
9
Suppose -16*f = -17*f - 1489. Let k = f + 926. Let h = k - -899. Calculate the greatest common divisor of 42 and h.
42
Let k be ((-9)/(-4))/(1/4). Let t(n) = 28*n - 21. Let i be t(12). Calculate the greatest common divisor of k and i.
9
Let y(v) = -v**3 - 3*v**2 - 13*v + 1888. Let z be y(0). What is the highest common divisor of 96 and z?
32
Let u(b) = -2*b**2 - 389*b - 14. Let z be u(-43). Calculate the greatest common divisor of 137 and z.
137
Suppose -2*h - 4*l = -844, 0 = -6*h - 13*l + 8*l + 2525. What is the greatest common factor of 16 and h?
4
Suppose -5*k + 39*k - 4560 = 10570. What is the highest common factor of k and 1424?
89
Suppose 14 = 4*w - 18. Let o(s) = -s**2 + 16*s + 8. Let q be o(16). What is the highest common factor of w and q?
8
Let n(c) = 359*c - 3205. Let l be n(9). Calculate the highest common factor of 4927 and l.
13
Suppose -25*r + 5103 = -5*r + 7*r. What is the greatest common factor of r and 2322?
27
Let u = 54 + -25. Let m = 15416 - 15184. What is the greatest common divisor of u and m?
29
Let u(d) = -d**3 - 3*d**2 - 62*d - 225. Let w be u(-4). Suppose -2*i - 2*q = -398, i + 3*q - 31 = 176. Calculate the highest common factor of i and w.
39
Suppose 2*d + 28 = 9*d. Let t be (-7)/(-3) + (-2)/6. Let x be t/d + 9/(-2) + 5. Calculate the greatest common divisor of x and 3.
1
Suppose -13*s + 2*s + 3641 = 0. Let h = -298 + s. Suppose 2*u - 2 = 7*r - 2*r, 67 = 5*u + 3*r. What is the highest common factor of u and h?
11
Let l be (-6)/2 + 2 + (-20)/10. Let j be (46/l)/((-8)/228). Calculate the greatest common divisor of j and 19.
19
Let g = 742 - 220. Let j be (-2)/3 - -58*8/48. What is the greatest common factor of g and j?
9
Let q be (3/(-1))/((-1)/2). Let u be (0 - q)/((-6)/100). Suppose 0*d + 12*d - 240 = 0. What is the greatest common divisor of d and u?
20
Suppose -84*i - 1528 + 52936 = 0. Suppose -38*y + 4*y = -i. Let g(p) = 7*p**2 - 1. Let n be g(1). What is the highest common factor of y and n?
6
Suppose 8*a - 20 - 148 = 0. Suppose 5*h - a*h + 80 = 0. Suppose -2*x = 2*x - 20, 0 = -2*f - 4*x + 130. What is the greatest common divisor of h and f?
5
Let c(d) = 12*d**2 + 40*d - 223. Let u(z) = -5*z**2 - 21*z + 111. Let i(f) = -2*c(f) - 5*u(f). Let b be i(-30). Calculate the greatest common factor of b and 1.
1
Let s(a) = 195*a**2 + 2925*a + 8. Let r be s(-15). What is the greatest common divisor of r and 2192?
8
Suppose 6*l - 3*c = 11943, -5*c = 3*l + l - 7927. What is the highest comm